11. Is z composite?
False
Suppose 0 = -4*a - 3*x + 7, 2*a - x + 15 = 6. Is (-1)/(-2) + (-661)/a prime?
True
Suppose 0 = 4*t - 3*q + 13, -4*q = 5*t - 1 - 6. Let c be 0 + 1*(-1 + t). Is c/2 - (-60)/1 a prime number?
True
Suppose -5*o - 13 = -0*h - 3*h, 5*o + 2*h + 8 = 0. Let y(g) = 4*g. Let q be y(-1). Is o/(q/(-2)) - -20 prime?
True
Suppose -3*t - 26 = 4*x, -3*x - 25 = 3*t + 2*t. Let s = -4 - t. Is (-2 - -169)/(s/(-2)) a prime number?
True
Let s(k) = 2*k**2 - k + 9. Let b be s(-4). Is 3987/b - 2/(-5) prime?
True
Let t be -1 + -2*(-2)/4. Let h be t/((-2 - -1)*1). Suppose h = 4*n - 9*n + 55. Is n a composite number?
False
Let z be (-20)/(-6) + 2/(-6). Is (z/1 - 56)*-1 a prime number?
True
Suppose -2*q = -5*b - 3*q + 71, 0 = -2*b - 5*q + 10. Is b prime?
False
Suppose 81 = u + 2*u. Is u/4 - 1/(-4) a composite number?
False
Let f(h) = -h**3 + 23*h**2 + 17*h - 18. Is f(23) a composite number?
False
Let r(y) be the first derivative of y**3/3 + 4*y + 2. Is r(-7) composite?
False
Is (-33)/(-9)*(14 + 1) prime?
False
Let a be -150*-2*11/(-6). Is 3/2*a/(-15) a prime number?
False
Let f(z) = 3*z**2 + 38*z - 14. Is f(9) a prime number?
True
Let d(i) = 6*i + 1. Let x be 37/(-3) + 1/3. Let j = -7 - x. Is d(j) a composite number?
False
Let m(d) = 17*d + 2 - 1 + 0. Let p be 16/12*(-3)/(-2). Is m(p) a composite number?
True
Suppose q = -0 + 3. Suppose 377 = g - p, p + q*p + 1129 = 3*g. Is g a prime number?
True
Suppose -2*k + 4*k = 8. Suppose -555 = -d - k*d. Is d composite?
True
Let c(q) be the third derivative of q**6/8 + q**5/60 - q**4/12 + q**3/6 + q**2. Let i(a) = a**2 - 6*a + 6. Let y be i(5). Is c(y) prime?
False
Let x(n) be the first derivative of -n**2/2 - 3*n - 3. Let f be x(0). Let z = f + 6. Is z composite?
False
Let g(q) = 7*q**3 + 7*q**2 - q - 2. Let w(x) = -6*x**3 - 6*x**2 + x + 2. Let p(j) = -5*g(j) - 6*w(j). Let y be p(0). Is y/(-6)*(69 - 0) composite?
False
Let z be 184/12*(-2 + 17). Let y = z - -279. Is y composite?
False
Let a(p) = 14*p**2 - 6*p + 3. Let o be a(-5). Let j = o + -244. Is j a prime number?
True
Suppose -3*s + 4 = -2*s. Suppose 2 - s = -2*d, 2*z + 3*d - 31 = 0. Suppose 0 = -2*j + z + 32. Is j composite?
False
Let s(p) = -6*p + 2*p + 3*p + 3*p. Let o be s(-4). Let k = 6 - o. Is k prime?
False
Let y(b) = 11*b + 6. Let f be y(7). Suppose u = -2*m + f, -2*u + 0*m - 5*m = -164. Is u a prime number?
False
Suppose -85 = -5*a - 0*a. Suppose 6*u = u + 30. Let o = a - u. Is o a composite number?
False
Let x(n) = n**3 + 3*n**2 - 3*n - 2. Let o be x(-3). Let l = o - 5. Is (2 - l) + (1 - -12) a composite number?
False
Is 114 - 2*3/(-6) prime?
False
Let d = 463 + 318. Is d prime?
False
Is (-1)/(0 - (-1)/(-211)) a composite number?
False
Let t = 1939 - 1250. Is t prime?
False
Let v(i) = 27*i**2 + i - 2. Let r(h) = 53*h**2 + h - 3. Let j(c) = 3*r(c) - 5*v(c). Suppose -s + 1 = -w - 2*s, -2*w - 4*s = 6. Is j(w) a prime number?
True
Let d(x) = x - 3. Let k be d(3). Suppose 32 = 4*a + 4*h, 5*a - 4*h + k*h = 13. Suppose a*r = 2*r + 483. Is r composite?
True
Let m(y) be the first derivative of -2*y**2 + 5*y - 1. Let t = 6 - 10. Is m(t) a prime number?
False
Suppose n - 498 = 4*m, n + 5*m - 4*m - 493 = 0. Suppose 4*b - n = 2*x, -3*x + 120 = 3*b - 2*b. Is b composite?
True
Let d(j) = 2*j**3 - 2 - 3*j**3 + j + 8*j**2 - 4. Let u be d(8). Suppose -i + 25 = u*b - 2*i, 0 = 2*b + 5*i + 5. Is b a prime number?
False
Let r be ((-14)/(-8) + -1)*20. Let j(q) = 2*q**3 - 10*q**2 + 5*q - 5. Let h be j(5). Suppose l = r + h. Is l composite?
True
Let z = -57 - -280. Is z composite?
False
Let l(n) = -4*n**3 + 3*n**2 - n - 11. Is l(-6) a composite number?
False
Suppose 5*m - l + 5*l = -25, 0 = -5*m + 5*l + 20. Is (m/1)/(2/(-46)) a prime number?
True
Suppose 2*j - 4*w - 29 = -j, 0 = 3*j - 3*w - 27. Suppose j*b - 165 = 2*b. Is b a composite number?
True
Let j(h) = 22*h + 3. Is j(7) a prime number?
True
Suppose 0 = -2*h + 5*i + 919, -5*i - 1478 = -3*h - 92. Is h a composite number?
False
Suppose 106*t + 3147 = 107*t. Is t a composite number?
True
Let n(k) = -42*k**3 - 19*k**2 + 10*k - 1. Let w(d) = -14*d**3 - 6*d**2 + 3*d. Let i(c) = -2*n(c) + 7*w(c). Is i(-3) a prime number?
False
Suppose -2*p + 392 = -p - l, -2*p - 3*l = -779. Is p a prime number?
False
Suppose -591 = -3*c + 3*p, -422 = -3*c + c - 5*p. Is c prime?
False
Let y = -6 + 8. Suppose 0 = y*o + 2*o - 388. Is o composite?
False
Let j(f) = 2*f**3 - 3*f**2 + 4. Is j(3) composite?
False
Let f be (-48 + 0)*15/10. Let s = f + 107. Is s prime?
False
Let r = 252 + -31. Is r composite?
True
Suppose z - 2077 - 1875 = -3*n, -2*n + 5*z + 2663 = 0. Is n a prime number?
True
Let d = 1 + 2. Is 88 + d - 2 - 0 a composite number?
False
Let v = 62 - 44. Suppose -137 - v = -5*o. Is o a composite number?
False
Suppose s + 0*v - 751 = 2*v, 9 = -3*v. Is s a prime number?
False
Let h = -10 + 14. Suppose 2*z + 4*p = 62, 58 = 3*z - h*p + 3*p. Is z composite?
True
Let i(j) = -127*j + 1. Let g = -5 + 3. Let p be i(g). Suppose -c - 2*c + p = 0. Is c prime?
False
Let z(l) = 3*l**2 + 8*l - 10. Let g be z(-7). Let c = 68 + g. Is c prime?
True
Suppose -3*m + 2028 = -7*x + 2*x, 0 = 4*x - 3*m + 1620. Is ((-2)/(-4))/((-6)/x) prime?
False
Suppose -3*x + 5 = 5*j - 6*x, -j = 4*x - 24. Suppose -189 = -w - 5*a, -295 = -j*w - 5*a + 491. Is w a prime number?
True
Suppose 0 = -0*z + 5*z + 5. Is 38*z/(3/(-3)) a composite number?
True
Let f(c) = -c**3 + 3*c**2 + 5*c. Let r be f(4). Is (-639)/(-12) + (-1)/r composite?
False
Suppose 0 = 3*v + 5*d - 5965, 4*v - 5*d = 2*v + 3960. Is v a composite number?
True
Let h(o) = -o**3 - 3*o**2 - 5*o - 5. Is h(-3) a prime number?
False
Suppose -4*h - 4*s = -3040, -4*s - 3049 = -4*h + s. Is h prime?
True
Let a = 0 - -9. Is (-1077)/(-9) + (-6)/a composite?
True
Suppose 6*m - 3*m - 2*q - 17 = 0, 2*m = -2*q - 2. Suppose -2*r = -m*g + 5*g - 60, 0 = -5*r. Suppose -73 = -4*t + 3*c - g, 5*c + 25 = 0. Is t composite?
False
Suppose -5*f + 4249 = 2*k, f - 5*k = -0*f + 866. Is f a prime number?
False
Suppose -3*i - 2*u = -0*u - 213, -5*u - 330 = -5*i. Is i composite?
True
Suppose -3*i - 3*m + 705 = -m, -4*m = 0. Suppose i = y + 4*h, 2*h = 2*y - 4*y + 446. Suppose -3*q - 42 = -y. Is q a composite number?
False
Let w(l) be the third derivative of l**6/120 + l**4/8 - l**3/6 - l**2. Let j be (-2)/(-5) + 8/5. Is w(j) composite?
False
Let k(z) = -4*z - 3. Let p(v) = -5*v - 2. Let a(c) = 4*k(c) - 5*p(c). Let g be a(-3). Let j = g + 78. Is j composite?
True
Suppose 3*v = -4*j + 11, -j - 7 - 14 = -4*v. Suppose -489 = -v*x - 74. Is x a prime number?
True
Let g(y) = 8 + 0 - 17*y - 2*y - 7. Is g(-4) prime?
False
Let r(a) = -12*a**3 - a**2 + a + 1. Is r(-1) composite?
False
Suppose 2*v + p = 15, -12 = -5*v - 4*p + 27. Let y(i) = i - 6*i**2 + v + 6*i**2 + 2*i**2. Is y(6) composite?
True
Suppose 2*p - 64 = -2*v, 0 = -2*v - 3*p + 44 + 17. Let d = -19 - -33. Is v/d*258/5 a composite number?
True
Let o = 654 - -1503. Is o prime?
False
Let r(t) = 5*t + 2 - 13 - 4. Is r(14) a composite number?
True
Suppose -3*i - 2*n + 10 = -112, 0 = i + n - 42. Suppose -i = -5*d + f + 377, 2*f + 415 = 5*d. Is d composite?
False
Let j(q) = q**3 + 18*q**2 + 10*q + 12. Is j(-17) composite?
False
Let j(x) = 66*x + 5. Let q(r) = r - 1. Let w(g) = -j(g) - 4*q(g). Let h(c) = -c**2 + 2*c - 1. Let v be h(2). Is w(v) composite?
True
Suppose 2*c = -3*b - 2, 3*b - 24 = b + 5*c. Is b*(-1)/4*-278 composite?
False
Suppose 0*u = u + 10. Let l be (-342)/15 - (-2)/u. Let r = l + 36. Is r composite?
False
Suppose 5*p = 740 + 9525. Is p composite?
False
Let r(i) = i**2 - 174. Let v be r(0). Let o = v - -108. Let z = -29 - o. Is z prime?
True
Let b(y) = -3*y**3 - 5*y**2 - 13*y - 8. Is b(-5) a prime number?
True
Let x(l) = -76*l - 2. Is x(-3) a composite number?
True
Suppose 548 = 3*m + 5*u, 789 = 4*m - 0*m - 5*u. Is m composite?
False
Let h(g) = -g**2 + g + 3*g**2 + 5 - 4*g. Let z be h(5). Suppose 17 + z = 3*y. Is y a composite number?
False
Let c = -619 - -870. Is c composite?
False
Let f(q) = q - 17*q - 4*q + 5. Let h be f(4). Let n = -22 - h. Is n composite?
False
Let b(g) be the second derivative of g**6/180 - g**5/24 - g**4/6 + 2*g. Let m(y) be the third derivative of b(y). Is m(6) a composite number?
False
Suppose 0 = -6*l + 2*l - 4*s + 1700, 4*l + 5*s - 1698 = 0. Is l composi